 0. Let d be (k/5)/(1/(-5)). Let w(h) be the first derivative of -h**3/3 + 2*h**2 - 3*h - 1. Calculate w(d).
-3
Let l be (1 + 4)*(-10)/(-25). Let j(s) = 0 + 7*s**2 + l - 1 + 0. Suppose p = 5*p + 4. Give j(p).
8
Let q = -26 + 27. Let s(w) = 4*w**2 - 1. What is s(q)?
3
Let l(f) = f**3 - 2*f**2 - 4*f + 1. Let y be l(3). Let t(n) = 4*n**2 + 4*n + 2. Give t(y).
10
Let f(q) = 3*q**3 - 3*q**2 - 2*q. Let h(v) = -7*v**3 + 7*v**2 + 5*v. Let t(k) = 9*f(k) + 4*h(k). What is t(-2)?
8
Let i = 8 - 3. Let k = 1 + i. Let h(q) = -q**2 + 6*q - 7. Calculate h(k).
-7
Let q be (24/14)/(4/14). Let j(c) = c**2 - 4*c + 1. Determine j(q).
13
Let h(g) = 3*g + 5. Let i(r) = -2*r - 3. Let s(l) = 3*h(l) + 5*i(l). Calculate s(3).
-3
Let o(i) be the first derivative of -i**3/3 - 2*i**2 - 5. Let g be o(-4). Let v(a) = -a - 3. Calculate v(g).
-3
Let g(f) = -2 - 9*f**2 + f + 3*f**2 + 8*f**2 + 1. Give g(2).
9
Let i(h) = -4 - 3*h**3 - 93*h**2 + 86*h**2 + 8*h + 4*h**3. What is i(5)?
-14
Suppose 0 = f - x + 2, -3 = 3*x - 12. Let p(i) = -2*i + i + f + i - i. What is p(2)?
-1
Let i(c) = -c - 7. Let l(n) = 2*n + 14. Let r(f) = -7*i(f) - 4*l(f). Calculate r(-6).
-1
Let g(j) = j**2 + 7*j + 2. Let a(x) = -3*x**2 - 23*x - 6. Let z(w) = 2*a(w) + 7*g(w). Calculate z(-6).
20
Let i(z) be the second derivative of z**5/20 + 5*z**4/12 - 5*z**2/2 + z. Let r be (-5*1)/((-6)/(-6)). What is i(r)?
-5
Let j(d) be the first derivative of d**4/4 + d**2/2 + 5*d - 1. Determine j(0).
5
Suppose -3*c = 3*a - 8*c - 46, -2*a + 2*c = -24. Let h(w) = -3*w + 6. Let i(p) = 2*p - 4. Let j(r) = a*i(r) + 5*h(r). Calculate j(2).
0
Let m be -4 - (-2 - 10)/3. Let v(k) = -k**2 - 6. What is v(m)?
-6
Let b(s) = -1. Let x(o) = o - 8. Let f = 2 - 5. Let p(g) = f*b(g) + x(g). Give p(5).
0
Let o(l) = l + 1. Let b be (-36)/(-30) - (-1)/(-5). Let p = b + 3. What is o(p)?
5
Let q(t) be the third derivative of t**4/24 + 5*t**3/6 - 2*t**2. Suppose -4*w = -140 + 44. Suppose 2*r = 5*z + w, 2*z + 16 = 2*r + 4. What is q(z)?
1
Let z(x) be the second derivative of x**3/6 - x**2/2 + 6*x. Give z(-4).
-5
Let n(m) = 3*m**2 + 3*m. Let s be (-4)/(-10) - 14/10. Let t(v) = -24*v - 16*v - 1 + 41*v. Let q be t(s). What is n(q)?
6
Let z(f) = f**3 + 4*f**2 - 5*f + 7. Let y be ((-9)/(-18))/(2/12). Suppose 3*i + y*q = 7*i + 23, -10 = 3*i + 5*q. Determine z(i).
7
Let b(t) = t**3 + 6*t**2 + 2*t + 9. Let u be b(-6). Let y(i) = -2*i - 3. Let c(x) = 16 - 14 - 5*x - 10. Let d(w) = u*c(w) + 8*y(w). Calculate d(1).
-1
Let s(y) be the first derivative of -y**3/3 + y**2/2 - 9*y + 7. What is s(0)?
-9
Let m(o) = 3*o + 137 - 2*o - 139. Calculate m(4).
2
Let y(o) be the third derivative of -1/6*o**3 + 0*o + 1/20*o**6 + 0 + 4*o**2 + 0*o**4 + 1/60*o**5. Give y(-1).
-6
Let h(n) = 6*n**3 - n + 1. Suppose 0*r = 2*r - 2. Determine h(r).
6
Let a = 9 + -12. Let b be 32/(-6) - (-2)/a. Let l(r) = r**3 + 6*r**2 + 2. Calculate l(b).
2
Let x(i) = -13*i**2 + 4*i + 4. Let v(h) = 7*h**2 - 2*h - 2. Let u(n) = -11*v(n) - 6*x(n). Determine u(5).
13
Let u(g) = -6*g + 2 - 12*g + 30*g - 11*g. Let a = -9 - -4. What is u(a)?
-3
Let d(i) = i**3 - i**2 + i - 12. Let q(s) = -s**3 - 7*s**2 + 4. Let y be q(-7). Suppose 5*w - 4 = 1, 5*o - y*w = -4. Determine d(o).
-12
Let q(g) = 2*g - 3. Let o be q(3). Let h = 4 - o. Let z = 4 - h. Let r(c) = 3*c + 3. Determine r(z).
12
Let h = 51 - 57. Let s(z) = -z**2 - 9*z - 9. Give s(h).
9
Let i(j) be the first derivative of j**4/4 - 7*j**3/3 + 4*j**2 - 6*j + 1. Suppose 4*c + 16 = 0, 0 = 4*k - 5*c - 2 - 42. Determine i(k).
6
Let a(f) = -f**3 + 3*f**2 - 1. Let u(r) = -4*r + 2. Let w be u(0). Give a(w).
3
Let o(q) = q**3 - 2*q**2 + q + 1. Let w(m) = -m**3 - 4*m**2 + 5*m + 2. Let d be w(-5). Suppose d*p - 3*p = -2. Give o(p).
3
Let b(h) = h**3 - h**2 + 1. Let d(w) be the second derivative of -w**5/10 + 5*w**4/12 - w**3/6 - 5*w**2/2 + w. Let z(q) = 4*b(q) + d(q). What is z(-1)?
-1
Let l = 14 + -9. Suppose -l*u + 4*o - 7 = 0, 0 = 5*u - 5*o + 5 + 5. Let y(d) = 9*d - 1. Give y(u).
8
Let k(b) = b**2 + 1. Let t(x) be the third derivative of -1/20*x**5 - 1/8*x**4 - 1/120*x**6 + 0*x + 0 - 1/3*x**3 - 2*x**2. Let i be t(-2). Calculate k(i).
1
Let y(n) be the first derivative of -1/2*n**2 - 2 + 1/3*n**3 - 4*n. Let t = 81 - 78. Calculate y(t).
2
Let c(t) = -t + 3*t - t + t**2 + t. What is c(-1)?
-1
Let g(z) = z**3 - 7*z**2 + 5*z - 9. Let j(x) = -2*x - 2. Let y be j(-4). Give g(y).
-15
Let x = -30 - -35. Let t(k) = k + 5. Determine t(x).
10
Let b(j) = 1 + 2 + 1 - 2*j. Suppose r + 4*k = 16, 0 = -r - k + 2*k - 4. Let q(v) = v**3 + v**2 + v + 3. Let f be q(r). Determine b(f).
-2
Suppose -2*m + 11 + 3 = 0. Suppose -m*r = -r - 12. Let d(a) = -3*a. Calculate d(r).
-6
Let t(n) = -n**2 - 3*n + 5. Let u = -5 - 0. Let l be (u + 1 - -1) + -2. Determine t(l).
-5
Let b(n) be the first derivative of n**4/4 + 2*n**3 - 3*n**2 + 6*n - 12. Let j = -10 - -3. Give b(j).
-1
Let d(n) = -n + 1. Let q(r) = 7*r - 10. Let c(v) = 6*d(v) + q(v). Determine c(3).
-1
Let z(x) be the second derivative of -x**3/6 - x**2/2 - 5*x. What is z(-5)?
4
Let u be -18 + 12 + (5 - 1). Let y(b) = 2*b**3 + 2*b**2 + b. What is y(u)?
-10
Let b be (4/10)/((-1)/(-5)). Suppose -7 = x + 3*g, 2*g + 38 = -4*x - 0*g. Let h be (-1 - b)/(6/x). Let q(l) = -l**3 + 6*l**2 - 4*l + 3. Give q(h).
8
Let l(o) = o**2 + 5*o + 6. Let f be l(-4). Suppose f*b = b. Let h(m) = -6*m + 5*m + b*m. Determine h(-1).
1
Suppose -2*l = -1 - 3. Let b(d) = l + d**2 + 2 - 18*d + 24*d. Calculate b(-5).
-1
Let w(g) be the second derivative of g**4/12 - 2*g**3/3 - g**2 + g. Let d be w(5). Let m(i) = -7*i**2 + 9*i**2 - 26 - 2*i + i + 29 - i**3. Determine m(d).
-9
Let a(f) = -f + 2. Let y(i) = -i - 5. Let m be -3 + (0 + -2)*3. Let l be y(m). What is a(l)?
-2
Suppose -2*m - 1 = 7. Let o(f) = 10*f - 6. Let q(z) = 3*z - 2. Let j(l) = 2*o(l) - 7*q(l). What is j(m)?
6
Let s(q) = -4*q**2 + 2*q + 3. Let p(l) = -l**3 - l**2 + 1. Let t(x) = 2*p(x) - s(x). Calculate t(2).
-13
Suppose 5*c = 2*j + 20, 5*c + 2*j = -0*c + 20. Let v = 6 - c. Suppose 0 = -3*n - 4*t - 7, -t - 1 = -n + v*n. Let i(b) = -b. What is i(n)?
-3
Let x(y) be the third derivative of y**6/180 + y**5/60 - y**4/24 - y**3/3 + 2*y**2. Let u(a) be the first derivative of x(a). Give u(-3).
11
Let f(w) = -2*w**2 + 3 + 0 + 4*w**2 - 5*w. Calculate f(3).
6
Let z(k) = k + 1. Let b be z(-3). Let w = -2 + b. Let g(u) = 6*u + 8. Let q(t) = -t - 1. Let d(a) = g(a) + 4*q(a). Calculate d(w).
-4
Suppose o = 2*y - 6, o + 11 = 4*y - 3. Suppose 0*u = -3*u + 6. Let f(z) = 1 + 2*z**3 - z + 4*z - 2*z - 3*z**u. Calculate f(o).
7
Let l = 9 + -9. Suppose 0*z + 3*z = l. Let b(o) = z - 3 + 3*o - 1. Calculate b(5).
11
Suppose -1 = -4*q + 7. Let f(t) = -8 + 7 - 2*t**q + t**2 + 4*t. Give f(5).
-6
Let o(s) = -2 - 4*s + 5*s + 7. Let u be (-9)/36 - (-81)/(-12). Determine o(u).
-2
Let w = 4 - 10. Let d(r) = -r**2 - 5*r + 8. Calculate d(w).
2
Let p(h) = h**2 - 8*h + 9. Suppose -t - 6 = -2*t. Calculate p(t).
-3
Let h be ((-3 - 1) + 4)/(-1). Let c(i) = -i + 2. Calculate c(h).
2
Let u(p) = p. Suppose -12 = -7*n + 23. Give u(n).
5
Let l(f) = -f**2 - 2*f + 4. Let t be (0 - -1)/(0 - -1). Let y = -3 - t. Calculate l(y).
-4
Let p = -79 + 76. Let c(a) be the second derivative of a**3/3 + 3*a**2/2 + a. What is c(p)?
-3
Let j = 27 - 22. Let y(w) = w**2 - 6*w + 5. Calculate y(j).
0
Let m = -9 + 18. Let k(h) = h**2 - 10*h + 9. Let p be k(m). Let g(o) = -3 + p + 2*o**2 + 2*o + 3*o**2 - 4*o**2. Give g(-3).
0
Let m(n) = -n + 1. Let k(q) = q**2 + 4*q - 4. Let g = 3 + -6. Let b(u) = g*m(u) - k(u). Determine b(2).
-5
Let l(i) = i**3 - 2*i**2 + i. Let g(v) = -v**3 - 14*v**2 - 14*v - 13. Let c be g(-13). Suppose 2*s - 10 = -3*z + z, c = 5*z + 2*s - 19. What is l(z)?
12
Let y = 3 - 3. Let c(q) = -5 - 1 + 4 + q**2. Determine c(y).
-2
Let n(x) = -x + 9. Let p be n(4). Let i(t) = 3*t**2 - 23*t + 8. Let h(k) = 2*k**2 - 15*k + 5. Let c(s) = -8*h(s) + 5*i(s). What is c(p)?
0
Suppose -5*r + 12 = -r. Let l be (-1)/r - (-16)/12. Let a(w) be the third derivative of w**5/20 - w**3/6 - w**2. What is a(l)?
2
Let b(u) be the third derivative of u**4/4 - u**3/6 + 10*u**2. What is b(1)?
5
Let a be (2/3)/((-4)/(-18)). Suppose -a - 3 = 2*j. Let m(b) = -4*b**2 - b + 2*b**3 + 3 - 2*b**3 - b**3. Determine m(j).
-3
Suppose l - 2 = 4*r - l, -2*r - 3*l = 21. Suppose -2*i = 8 + 1